{"id":137,"date":"2016-10-05T12:04:29","date_gmt":"2016-10-05T12:04:29","guid":{"rendered":"http:\/\/demo.themegrill.com\/flash-construction\/?page_id=137"},"modified":"2022-08-23T20:08:45","modified_gmt":"2022-08-23T17:08:45","slug":"about","status":"publish","type":"page","link":"https:\/\/cyd.com.tr\/?page_id=137","title":{"rendered":"About"},"content":{"rendered":"<div id=\"pl-137\"  class=\"panel-layout\" ><div id=\"pg-137-0\"  class=\"panel-grid panel-no-style\" ><div id=\"pgc-137-0-0\"  class=\"panel-grid-cell\" ><div id=\"panel-137-0-0-0\" class=\"so-panel widget widget_themegrill_flash_about tg-widget tg-about-widget about-section panel-first-child panel-last-child\" data-index=\"0\" ><div class=\"tg-column-wrapper\">\n\t<div class=\"about-content-wrapper tg-column-2\">\n\t\t\t\t<h3 class=\"section-title\">Hakk\u0131m\u0131zda<\/h3>\n\t\t\t\t\t\t<div class=\"section-description\">Tar\u0131m sekt\u00f6r\u00fcnde 24 y\u0131ld\u0131r aktif olarak faaliyet g\u00f6stermekteyiz ,firmam\u0131z 2008 y\u0131l\u0131 itibar\u0131 ile tohumculuk faaliyetine ve sertifikal\u0131 tohum \u00fcretimine ve Ar-Ge faaliyetlerine odaklanm\u0131\u015f, y\u0131llar\u0131n verdi\u011fi tecr\u00fcbe ve bilgi birikimini vizyonunu harmanlayarak, \u00fclkemiz tar\u0131m\u0131na, tohumculuk sekt\u00f6r\u00fcne farkl\u0131 bir bak\u0131\u015f a\u00e7\u0131s\u0131yla hizmet vermeyi ilke edinmi\u015ftir.<\/div>\n\t\t\t\t\t<\/div>\n\t\t<figure class=\"about-section-image tg-column-2\">\n\t\t<img src=\"https:\/\/cyd.com.tr\/wp-content\/uploads\/2020\/09\/WhatsApp-Image-2020-09-24-at-10.50.31.jpeg\" \/>\n\t<\/figure>\n\t<\/div>\n<\/div><\/div><\/div><div id=\"pg-137-1\"  class=\"panel-grid panel-no-style\" ><div id=\"pgc-137-1-0\"  class=\"panel-grid-cell\" ><div id=\"panel-137-1-0-0\" class=\"so-panel widget widget_themegrill_flash_heading tg-widget section-title-wrapper panel-first-child panel-last-child\" data-index=\"1\" >\t<h3 class=\"section-title\">CYD A\u011eAO\u011eLU<\/h3>\n\t<div class=\"section-description\">Erdal A\u011eAO\u011eLU<\/div>\n<\/div><\/div><\/div><\/div>","protected":false},"excerpt":{"rendered":"<p>Hakk\u0131m\u0131zda Tar\u0131m sekt\u00f6r\u00fcnde 24 y\u0131ld\u0131r aktif olarak faaliyet g\u00f6stermekteyiz ,firmam\u0131z 2008 y\u0131l\u0131 itibar\u0131 ile tohumculuk faaliyetine ve sertifikal\u0131 tohum \u00fcretimine [&hellip;]<\/p>\n","protected":false},"author":1,"featured_media":0,"parent":0,"menu_order":0,"comment_status":"closed","ping_status":"closed","template":"page-templates\/pagebuilder.php","meta":[],"_links":{"self":[{"href":"https:\/\/cyd.com.tr\/index.php?rest_route=\/wp\/v2\/pages\/137"}],"collection":[{"href":"https:\/\/cyd.com.tr\/index.php?rest_route=\/wp\/v2\/pages"}],"about":[{"href":"https:\/\/cyd.com.tr\/index.php?rest_route=\/wp\/v2\/types\/page"}],"author":[{"embeddable":true,"href":"https:\/\/cyd.com.tr\/index.php?rest_route=\/wp\/v2\/users\/1"}],"replies":[{"embeddable":true,"href":"https:\/\/cyd.com.tr\/index.php?rest_route=%2Fwp%2Fv2%2Fcomments&post=137"}],"version-history":[{"count":18,"href":"https:\/\/cyd.com.tr\/index.php?rest_route=\/wp\/v2\/pages\/137\/revisions"}],"predecessor-version":[{"id":571,"href":"https:\/\/cyd.com.tr\/index.php?rest_route=\/wp\/v2\/pages\/137\/revisions\/571"}],"wp:attachment":[{"href":"https:\/\/cyd.com.tr\/index.php?rest_route=%2Fwp%2Fv2%2Fmedia&parent=137"}],"curies":[{"name":"wp","href":"https:\/\/api.w.org\/{rel}","templated":true}]}}